{"id":70,"date":"2025-02-07T20:12:30","date_gmt":"2025-02-07T20:12:30","guid":{"rendered":"https:\/\/numguentu.com.br\/site\/?page_id=70"},"modified":"2025-02-12T18:49:38","modified_gmt":"2025-02-12T18:49:38","slug":"diretoria-administrativa","status":"publish","type":"page","link":"https:\/\/numguentu.com.br\/site\/diretoria-administrativa\/","title":{"rendered":"Diretoria Administrativa"},"content":{"rendered":"<ul>\n<li><strong>Diretor-Presidente:<\/strong> Laercio Maciel Junior<\/li>\n<li><strong>Vice-Diretor Presidente:<\/strong> Rodolfo Godoi Silva<\/li>\n<li><strong>Diretor Financeiro:<\/strong> Jo\u00e3o Henrique Cara\u00e7a<\/li>\n<li><strong>Diretor Administrativo:<\/strong> Pablo Renato Gomes Cardoso<\/li>\n<li><strong>Diretor Secret\u00e1rio:<\/strong> Paulo Roberto Ferreira Cara\u00e7a<\/li>\n<\/ul>\n<h4><strong>Conselho Fiscal<\/strong><\/h4>\n<ul>\n<li><strong>Membro:<\/strong> Rodolfo da Silva Santos<\/li>\n<li><strong>2\u00ba Membro:<\/strong> Daniel Prianti Pereira<\/li>\n<li><strong>3\u00ba Membro:<\/strong> Kevin de Morais Camargo<\/li>\n<\/ul>\n<p>&nbsp;<\/p>\n<p><span style=\"color: #ff0000;\"><strong>Veja tamb\u00e9m:<\/strong><\/span><\/p>\n<p><a href=\"https:\/\/numguentu.com.br\/site\/sobre\/\">Sobre o Numguentu<\/a><\/p>\n<p><a href=\"https:\/\/numguentu.com.br\/site\/transparencia\/\">Transpar\u00eancia<\/a><\/p>\n<p><a href=\"https:\/\/numguentu.com.br\/site\/estatuto-numguentu\/\">Estatuto<\/a><\/p>\n","protected":false},"excerpt":{"rendered":"<p>Diretor-Presidente: Laercio Maciel Junior Vice-Diretor Presidente: Rodolfo Godoi Silva Diretor Financeiro: Jo\u00e3o Henrique Cara\u00e7a Diretor Administrativo: Pablo Renato Gomes Cardoso Diretor Secret\u00e1rio: Paulo Roberto Ferreira Cara\u00e7a Conselho Fiscal Membro: Rodolfo da Silva Santos 2\u00ba Membro: Daniel Prianti Pereira 3\u00ba Membro: Kevin de Morais Camargo &nbsp; Veja tamb\u00e9m: Sobre o Numguentu Transpar\u00eancia Estatuto<\/p>\n","protected":false},"author":1,"featured_media":0,"parent":0,"menu_order":0,"comment_status":"closed","ping_status":"closed","template":"","meta":{"footnotes":""},"class_list":["post-70","page","type-page","status-publish","hentry"],"_links":{"self":[{"href":"https:\/\/numguentu.com.br\/site\/wp-json\/wp\/v2\/pages\/70","targetHints":{"allow":["GET"]}}],"collection":[{"href":"https:\/\/numguentu.com.br\/site\/wp-json\/wp\/v2\/pages"}],"about":[{"href":"https:\/\/numguentu.com.br\/site\/wp-json\/wp\/v2\/types\/page"}],"author":[{"embeddable":true,"href":"https:\/\/numguentu.com.br\/site\/wp-json\/wp\/v2\/users\/1"}],"replies":[{"embeddable":true,"href":"https:\/\/numguentu.com.br\/site\/wp-json\/wp\/v2\/comments?post=70"}],"version-history":[{"count":7,"href":"https:\/\/numguentu.com.br\/site\/wp-json\/wp\/v2\/pages\/70\/revisions"}],"predecessor-version":[{"id":210,"href":"https:\/\/numguentu.com.br\/site\/wp-json\/wp\/v2\/pages\/70\/revisions\/210"}],"wp:attachment":[{"href":"https:\/\/numguentu.com.br\/site\/wp-json\/wp\/v2\/media?parent=70"}],"curies":[{"name":"wp","href":"https:\/\/api.w.org\/{rel}","templated":true}]}}