{"id":264,"date":"2025-02-12T20:02:14","date_gmt":"2025-02-12T20:02:14","guid":{"rendered":"https:\/\/numguentu.com.br\/site\/?page_id=264"},"modified":"2025-02-12T20:02:14","modified_gmt":"2025-02-12T20:02:14","slug":"bloco-de-carnaval","status":"publish","type":"page","link":"https:\/\/numguentu.com.br\/site\/bloco-de-carnaval\/","title":{"rendered":"BLOCO DE CARNAVAL"},"content":{"rendered":"<p style=\"text-align: justify;\">O <strong data-start=\"1688\" data-end=\"1710\">Bloco do Numguentu<\/strong> arrasta uma multid\u00e3o pelas ruas de Santa Isabel com muito samba, alegria e tradi\u00e7\u00e3o! Criado pela nossa <strong data-start=\"1814\" data-end=\"1853\">Torcida Jovem e Bateria Muita Treta<\/strong>, o bloco participa do Carnaval isabelense, trazendo enredos marcantes e muita anima\u00e7\u00e3o. Vem cair na folia com a gente e fazer parte desse grande espet\u00e1culo!<\/p>\n\n\t\t<style type=\"text\/css\">\n\t\t\t#gallery-1 {\n\t\t\t\tmargin: auto;\n\t\t\t}\n\t\t\t#gallery-1 .gallery-item {\n\t\t\t\tfloat: left;\n\t\t\t\tmargin-top: 10px;\n\t\t\t\ttext-align: center;\n\t\t\t\twidth: 33%;\n\t\t\t}\n\t\t\t#gallery-1 img {\n\t\t\t\tborder: 2px solid #cfcfcf;\n\t\t\t}\n\t\t\t#gallery-1 .gallery-caption {\n\t\t\t\tmargin-left: 0;\n\t\t\t}\n\t\t\t\/* see gallery_shortcode() in wp-includes\/media.php *\/\n\t\t<\/style>\n\t\t<div id='gallery-1' class='gallery galleryid-264 gallery-columns-3 gallery-size-medium'><dl class='gallery-item'>\n\t\t\t<dt class='gallery-icon landscape'>\n\t\t\t\t<a href='https:\/\/numguentu.com.br\/site\/wp-content\/uploads\/2025\/02\/cropped-BLOCO-NUMGUENTU-BATERIA-MUITA-TRETA-8-scaled-1.jpeg'><img loading=\"lazy\" decoding=\"async\" width=\"300\" height=\"200\" src=\"https:\/\/numguentu.com.br\/site\/wp-content\/uploads\/2025\/02\/cropped-BLOCO-NUMGUENTU-BATERIA-MUITA-TRETA-8-scaled-1-300x200.jpeg\" class=\"attachment-medium size-medium\" alt=\"\" srcset=\"https:\/\/numguentu.com.br\/site\/wp-content\/uploads\/2025\/02\/cropped-BLOCO-NUMGUENTU-BATERIA-MUITA-TRETA-8-scaled-1-300x200.jpeg 300w, https:\/\/numguentu.com.br\/site\/wp-content\/uploads\/2025\/02\/cropped-BLOCO-NUMGUENTU-BATERIA-MUITA-TRETA-8-scaled-1-1024x683.jpeg 1024w, https:\/\/numguentu.com.br\/site\/wp-content\/uploads\/2025\/02\/cropped-BLOCO-NUMGUENTU-BATERIA-MUITA-TRETA-8-scaled-1-768x512.jpeg 768w, https:\/\/numguentu.com.br\/site\/wp-content\/uploads\/2025\/02\/cropped-BLOCO-NUMGUENTU-BATERIA-MUITA-TRETA-8-scaled-1.jpeg 1200w\" sizes=\"auto, (max-width: 300px) 100vw, 300px\" \/><\/a>\n\t\t\t<\/dt><\/dl><dl class='gallery-item'>\n\t\t\t<dt class='gallery-icon landscape'>\n\t\t\t\t<a href='https:\/\/numguentu.com.br\/site\/wp-content\/uploads\/2025\/02\/BLOCO-NUMGUENTU-BATERIA-MUITA-TRETA-3-scaled.jpeg'><img loading=\"lazy\" decoding=\"async\" width=\"300\" height=\"169\" src=\"https:\/\/numguentu.com.br\/site\/wp-content\/uploads\/2025\/02\/BLOCO-NUMGUENTU-BATERIA-MUITA-TRETA-3-300x169.jpeg\" class=\"attachment-medium size-medium\" alt=\"\" srcset=\"https:\/\/numguentu.com.br\/site\/wp-content\/uploads\/2025\/02\/BLOCO-NUMGUENTU-BATERIA-MUITA-TRETA-3-300x169.jpeg 300w, https:\/\/numguentu.com.br\/site\/wp-content\/uploads\/2025\/02\/BLOCO-NUMGUENTU-BATERIA-MUITA-TRETA-3-1024x576.jpeg 1024w, https:\/\/numguentu.com.br\/site\/wp-content\/uploads\/2025\/02\/BLOCO-NUMGUENTU-BATERIA-MUITA-TRETA-3-768x432.jpeg 768w, https:\/\/numguentu.com.br\/site\/wp-content\/uploads\/2025\/02\/BLOCO-NUMGUENTU-BATERIA-MUITA-TRETA-3-1536x864.jpeg 1536w, https:\/\/numguentu.com.br\/site\/wp-content\/uploads\/2025\/02\/BLOCO-NUMGUENTU-BATERIA-MUITA-TRETA-3-2048x1152.jpeg 2048w, https:\/\/numguentu.com.br\/site\/wp-content\/uploads\/2025\/02\/BLOCO-NUMGUENTU-BATERIA-MUITA-TRETA-3-1920x1080.jpeg 1920w\" sizes=\"auto, (max-width: 300px) 100vw, 300px\" \/><\/a>\n\t\t\t<\/dt><\/dl><dl class='gallery-item'>\n\t\t\t<dt class='gallery-icon landscape'>\n\t\t\t\t<a href='https:\/\/numguentu.com.br\/site\/wp-content\/uploads\/2024\/02\/IMG_20240218_154115-scaled.jpg'><img loading=\"lazy\" decoding=\"async\" width=\"300\" height=\"169\" src=\"https:\/\/numguentu.com.br\/site\/wp-content\/uploads\/2024\/02\/IMG_20240218_154115-300x169.jpg\" class=\"attachment-medium size-medium\" alt=\"\" srcset=\"https:\/\/numguentu.com.br\/site\/wp-content\/uploads\/2024\/02\/IMG_20240218_154115-300x169.jpg 300w, https:\/\/numguentu.com.br\/site\/wp-content\/uploads\/2024\/02\/IMG_20240218_154115-1024x576.jpg 1024w, https:\/\/numguentu.com.br\/site\/wp-content\/uploads\/2024\/02\/IMG_20240218_154115-768x432.jpg 768w, https:\/\/numguentu.com.br\/site\/wp-content\/uploads\/2024\/02\/IMG_20240218_154115-1536x864.jpg 1536w, https:\/\/numguentu.com.br\/site\/wp-content\/uploads\/2024\/02\/IMG_20240218_154115-2048x1152.jpg 2048w, https:\/\/numguentu.com.br\/site\/wp-content\/uploads\/2024\/02\/IMG_20240218_154115-1920x1080.jpg 1920w\" sizes=\"auto, (max-width: 300px) 100vw, 300px\" \/><\/a>\n\t\t\t<\/dt><\/dl><br style=\"clear: both\" \/>\n\t\t<\/div>\n\n","protected":false},"excerpt":{"rendered":"<p>O Bloco do Numguentu arrasta uma multid\u00e3o pelas ruas de Santa Isabel com muito samba, alegria e tradi\u00e7\u00e3o! Criado pela nossa Torcida Jovem e Bateria Muita Treta, o bloco participa do Carnaval isabelense, trazendo enredos marcantes e muita anima\u00e7\u00e3o. Vem cair na folia com a gente e fazer parte desse grande espet\u00e1culo!<\/p>\n","protected":false},"author":1,"featured_media":0,"parent":0,"menu_order":0,"comment_status":"closed","ping_status":"closed","template":"","meta":{"footnotes":""},"class_list":["post-264","page","type-page","status-publish","hentry"],"_links":{"self":[{"href":"https:\/\/numguentu.com.br\/site\/wp-json\/wp\/v2\/pages\/264","targetHints":{"allow":["GET"]}}],"collection":[{"href":"https:\/\/numguentu.com.br\/site\/wp-json\/wp\/v2\/pages"}],"about":[{"href":"https:\/\/numguentu.com.br\/site\/wp-json\/wp\/v2\/types\/page"}],"author":[{"embeddable":true,"href":"https:\/\/numguentu.com.br\/site\/wp-json\/wp\/v2\/users\/1"}],"replies":[{"embeddable":true,"href":"https:\/\/numguentu.com.br\/site\/wp-json\/wp\/v2\/comments?post=264"}],"version-history":[{"count":1,"href":"https:\/\/numguentu.com.br\/site\/wp-json\/wp\/v2\/pages\/264\/revisions"}],"predecessor-version":[{"id":265,"href":"https:\/\/numguentu.com.br\/site\/wp-json\/wp\/v2\/pages\/264\/revisions\/265"}],"wp:attachment":[{"href":"https:\/\/numguentu.com.br\/site\/wp-json\/wp\/v2\/media?parent=264"}],"curies":[{"name":"wp","href":"https:\/\/api.w.org\/{rel}","templated":true}]}}