{"id":252,"date":"2025-02-12T19:55:18","date_gmt":"2025-02-12T19:55:18","guid":{"rendered":"https:\/\/numguentu.com.br\/site\/?page_id=252"},"modified":"2025-02-12T19:58:51","modified_gmt":"2025-02-12T19:58:51","slug":"futebol-time-principal","status":"publish","type":"page","link":"https:\/\/numguentu.com.br\/site\/futebol-time-principal\/","title":{"rendered":"FUTEBOL &#8211; TIME PRINCIPAL"},"content":{"rendered":"<p style=\"text-align: justify;\">O <strong data-start=\"103\" data-end=\"134\">Time Principal do Numguentu<\/strong> representa nossa ess\u00eancia competitiva e paix\u00e3o pelo futebol. Com uma trajet\u00f3ria marcada por grandes conquistas, nossa equipe disputa torneios de <strong data-start=\"280\" data-end=\"326\">Futebol Society, Futsal e Futebol de Campo<\/strong>, levando o nome de Santa Isabel a diversas competi\u00e7\u00f5es regionais e estaduais. Mais que um time, somos uma fam\u00edlia que joga com ra\u00e7a e dedica\u00e7\u00e3o, sempre em busca de novas vit\u00f3rias.<\/p>\n<p style=\"text-align: center;\"><img loading=\"lazy\" decoding=\"async\" class=\"aligncenter size-large wp-image-247\" src=\"https:\/\/numguentu.com.br\/site\/wp-content\/uploads\/2025\/02\/cropped-Copy-of-IMG_6808-scaled-1-1024x683.jpg\" alt=\"\" width=\"1024\" height=\"683\" srcset=\"https:\/\/numguentu.com.br\/site\/wp-content\/uploads\/2025\/02\/cropped-Copy-of-IMG_6808-scaled-1-1024x683.jpg 1024w, https:\/\/numguentu.com.br\/site\/wp-content\/uploads\/2025\/02\/cropped-Copy-of-IMG_6808-scaled-1-300x200.jpg 300w, https:\/\/numguentu.com.br\/site\/wp-content\/uploads\/2025\/02\/cropped-Copy-of-IMG_6808-scaled-1-768x512.jpg 768w, https:\/\/numguentu.com.br\/site\/wp-content\/uploads\/2025\/02\/cropped-Copy-of-IMG_6808-scaled-1.jpg 1200w\" sizes=\"auto, (max-width: 1024px) 100vw, 1024px\" \/><\/p>\n<p style=\"text-align: center;\"><span style=\"color: #800000;\">PRINCIPAIS CONQUISTAS<\/span><\/p>\n<p>* Campe\u00e3o Regional de Igarat\u00e1 (2018)<br \/>\n* Campe\u00e3o do 5\u00ba Campeonato de Futebol Society (2018 &#8211; Everton Ribeiro Society)<br \/>\n* Campe\u00e3o do Futsal no Novo \u00c9den (2018 &#8211; Santa Isabel, SP)<br \/>\n* Campe\u00e3o da Copa Aruj\u00e1 (2018 &#8211; Aruj\u00e1, SP)<br \/>\n* Bicampe\u00e3o Society Everton Ribeiro (2015-2016 &#8211; Lanif\u00edcio Esporte Clube)<br \/>\n* Bicampe\u00e3o Arena Society (2016-2017 &#8211; Santa Isabel Esporte Clube)<br \/>\n* Tricampe\u00e3o MEC (Time B) (2014-2016 &#8211; Morro Esporte Clube)<br \/>\n* Campe\u00e3o da Liga de Mogi (2015 &#8211; Mogi das Cruzes, SP)<br \/>\n* Campe\u00e3o do Campeonato Society (Route 55 Society)<br \/>\n* Campe\u00e3o de Futsal (Gin\u00e1sio Municipal de Esportes de Santa Isabel)<br \/>\n* Bicampe\u00e3o da Recopa (Lanif\u00edcio Esporte Clube)<br \/>\n* Campe\u00e3o Recopa Fut7 (2023 &#8211; Arena Everton Ribeiro, Santa Isabel, SP)<br \/>\n* Campe\u00e3o Supercopa Fut7 (2023 &#8211; Arena Everton Ribeiro, Santa Isabel, SP)<br \/>\n* Campe\u00e3o Copa Municipal Infinity Fut7 (2022 &#8211; Arena Everton Ribeiro, Santa Isabel, SP)<br \/>\n* Campe\u00e3o Champions League Aruj\u00e1 Fut7 (2023 &#8211; Arena C4, Aruj\u00e1, SP)<br \/>\n* Vice-campe\u00e3o Paulista S\u00e9rie-C Fut7 (2020 &#8211; S\u00e3o Paulo, Barra Funda)<br \/>\n* Vice-campe\u00e3o Fut7 Copa Centro \u00d3ptico (2021 &#8211; Santa Isabel, SP)<br \/>\n* Vice-campe\u00e3o Arena 88 Fu77 (2024 &#8211; Aruj\u00e1, SP)<\/p>\n","protected":false},"excerpt":{"rendered":"<p>O Time Principal do Numguentu representa nossa ess\u00eancia competitiva e paix\u00e3o pelo futebol. Com uma trajet\u00f3ria marcada por grandes conquistas, nossa equipe disputa torneios de Futebol Society, Futsal e Futebol de Campo, levando o nome de Santa Isabel a diversas competi\u00e7\u00f5es regionais e estaduais. Mais que um time, somos uma fam\u00edlia que joga com ra\u00e7a&hellip; <br \/> <a class=\"button small blue\" href=\"https:\/\/numguentu.com.br\/site\/futebol-time-principal\/\">Leia mais<\/a><\/p>\n","protected":false},"author":1,"featured_media":0,"parent":0,"menu_order":0,"comment_status":"closed","ping_status":"closed","template":"","meta":{"footnotes":""},"class_list":["post-252","page","type-page","status-publish","hentry"],"_links":{"self":[{"href":"https:\/\/numguentu.com.br\/site\/wp-json\/wp\/v2\/pages\/252","targetHints":{"allow":["GET"]}}],"collection":[{"href":"https:\/\/numguentu.com.br\/site\/wp-json\/wp\/v2\/pages"}],"about":[{"href":"https:\/\/numguentu.com.br\/site\/wp-json\/wp\/v2\/types\/page"}],"author":[{"embeddable":true,"href":"https:\/\/numguentu.com.br\/site\/wp-json\/wp\/v2\/users\/1"}],"replies":[{"embeddable":true,"href":"https:\/\/numguentu.com.br\/site\/wp-json\/wp\/v2\/comments?post=252"}],"version-history":[{"count":3,"href":"https:\/\/numguentu.com.br\/site\/wp-json\/wp\/v2\/pages\/252\/revisions"}],"predecessor-version":[{"id":259,"href":"https:\/\/numguentu.com.br\/site\/wp-json\/wp\/v2\/pages\/252\/revisions\/259"}],"wp:attachment":[{"href":"https:\/\/numguentu.com.br\/site\/wp-json\/wp\/v2\/media?parent=252"}],"curies":[{"name":"wp","href":"https:\/\/api.w.org\/{rel}","templated":true}]}}