{"id":161,"date":"2025-02-07T21:39:53","date_gmt":"2025-02-07T21:39:53","guid":{"rendered":"https:\/\/numguentu.com.br\/site\/?page_id=161"},"modified":"2025-08-29T02:43:00","modified_gmt":"2025-08-29T02:43:00","slug":"seja-socio","status":"publish","type":"page","link":"https:\/\/numguentu.com.br\/site\/seja-socio\/","title":{"rendered":"SEJA S\u00d3CIO"},"content":{"rendered":"<p style=\"text-align: justify;\" data-start=\"130\" data-end=\"440\">Ser s\u00f3cio do Numguentu \u00e9 mais do que apoiar uma associa\u00e7\u00e3o: \u00e9 fazer parte de uma hist\u00f3ria de paix\u00e3o pelo esporte, cultura e a\u00e7\u00f5es sociais. Com a sua participa\u00e7\u00e3o, fortalecemos nossos projetos, ampliamos nosso impacto na comunidade e garantimos que o Numguentu continue crescendo e conquistando novos espa\u00e7os.<\/p>\n<p style=\"text-align: justify;\" data-start=\"442\" data-end=\"699\">Como s\u00f3cio, voc\u00ea ter\u00e1 acesso a benef\u00edcios exclusivos, poder\u00e1 participar do dia-a-dia da associa\u00e7\u00e3o conforme prev\u00ea o estatuto e contribuir diretamente para o desenvolvimento do esporte, da cultura e das iniciativas sociais que fazem a diferen\u00e7a em Santa Isabel e regi\u00e3o.<\/p>\n<h3 style=\"text-align: justify;\" data-start=\"701\" data-end=\"733\"><strong data-start=\"705\" data-end=\"731\">Algumas vantagens de ser s\u00f3cio<\/strong><\/h3>\n<p style=\"text-align: justify;\" data-start=\"734\" data-end=\"937\">\u2705 Prioridade e descontos em eventos e produtos do Numguentu<br data-start=\"826\" data-end=\"829\" \/>\u2705 Benef\u00edcios exclusivos de parceiros e apoiadores<br \/>\n\u2705 Descontos e prioridade de reserva da Sede para eventos particulares<br data-start=\"878\" data-end=\"881\" \/>\u2705 Fortalecimento do esporte e da cultura na comunidade<br \/>\n\u2705 Brindes exclusivos<\/p>\n<p data-start=\"734\" data-end=\"937\"><a href=\"https:\/\/numguentu.com.br\/site\/beneficios\/\">Confira todas as vantagens para associados do Numguentu<\/a><\/p>\n<p style=\"text-align: justify;\" data-start=\"939\" data-end=\"1044\">N\u00e3o fique de fora! <strong data-start=\"958\" data-end=\"985\">Fa\u00e7a parte do Numguentu<\/strong> e ajude a escrever os pr\u00f3ximos cap\u00edtulos dessa hist\u00f3ria.<\/p>\n<p style=\"text-align: center;\"><span style=\"color: #800000;\"><strong>Preencha o formul\u00e1rio abaixo para enviar sua solicita\u00e7\u00e3o de associado.<br \/>\nAp\u00f3s receber seus dados, nossa equipe entrar\u00e1 em contato para passar mais informa\u00e7\u00f5es.<\/strong><\/span><\/p>\n<p style=\"text-align: center;\"><a href=\"https:\/\/numguentu.com.br\/site\/estatuto-numguentu\/\" target=\"_blank\" rel=\"noopener\">ANTES, LEIA NOSSO ESTATUTO.<\/a><\/p>\n<p style=\"text-align: center;\"><iframe loading=\"lazy\" src=\"https:\/\/docs.google.com\/forms\/d\/e\/1FAIpQLSdRQ_SUFlEEhyB1a3aVrO1io9IUX5LSRMc8RnnWppbapGCR2w\/viewform?embedded=true\" width=\"800\" height=\"3806\" frameborder=\"0\" marginwidth=\"0\" marginheight=\"0\">Loading\u2026<\/iframe><\/p>\n<p style=\"text-align: center;\"><strong><span style=\"color: #800000;\"><a style=\"color: #800000;\" href=\"https:\/\/numguentu.com.br\/site\/wp-content\/uploads\/2025\/08\/FORMULARIO-PARA-ASSOCIACAO-NUMGUENTU.pdf\" target=\"_blank\" rel=\"noopener\">VERS\u00c3O PARA IMPRESS\u00c3O &#8211; FA\u00c7A O DOWNLOAD<\/a><\/span><\/strong><\/p>\n","protected":false},"excerpt":{"rendered":"<p>Ser s\u00f3cio do Numguentu \u00e9 mais do que apoiar uma associa\u00e7\u00e3o: \u00e9 fazer parte de uma hist\u00f3ria de paix\u00e3o pelo esporte, cultura e a\u00e7\u00f5es sociais. Com a sua participa\u00e7\u00e3o, fortalecemos nossos projetos, ampliamos nosso impacto na comunidade e garantimos que o Numguentu continue crescendo e conquistando novos espa\u00e7os. Como s\u00f3cio, voc\u00ea ter\u00e1 acesso a benef\u00edcios&hellip; <br \/> <a class=\"button small blue\" href=\"https:\/\/numguentu.com.br\/site\/seja-socio\/\">Leia mais<\/a><\/p>\n","protected":false},"author":1,"featured_media":0,"parent":0,"menu_order":0,"comment_status":"closed","ping_status":"closed","template":"","meta":{"footnotes":""},"class_list":["post-161","page","type-page","status-publish","hentry"],"_links":{"self":[{"href":"https:\/\/numguentu.com.br\/site\/wp-json\/wp\/v2\/pages\/161","targetHints":{"allow":["GET"]}}],"collection":[{"href":"https:\/\/numguentu.com.br\/site\/wp-json\/wp\/v2\/pages"}],"about":[{"href":"https:\/\/numguentu.com.br\/site\/wp-json\/wp\/v2\/types\/page"}],"author":[{"embeddable":true,"href":"https:\/\/numguentu.com.br\/site\/wp-json\/wp\/v2\/users\/1"}],"replies":[{"embeddable":true,"href":"https:\/\/numguentu.com.br\/site\/wp-json\/wp\/v2\/comments?post=161"}],"version-history":[{"count":8,"href":"https:\/\/numguentu.com.br\/site\/wp-json\/wp\/v2\/pages\/161\/revisions"}],"predecessor-version":[{"id":402,"href":"https:\/\/numguentu.com.br\/site\/wp-json\/wp\/v2\/pages\/161\/revisions\/402"}],"wp:attachment":[{"href":"https:\/\/numguentu.com.br\/site\/wp-json\/wp\/v2\/media?parent=161"}],"curies":[{"name":"wp","href":"https:\/\/api.w.org\/{rel}","templated":true}]}}